{"id":65,"date":"2019-11-14T14:17:04","date_gmt":"2019-11-14T14:17:04","guid":{"rendered":"https:\/\/boehler-training.at\/?page_id=65"},"modified":"2020-09-04T09:01:44","modified_gmt":"2020-09-04T09:01:44","slug":"uber-mich-2","status":"publish","type":"page","link":"https:\/\/boehler-training.at\/index.php\/uber-mich-2\/","title":{"rendered":"\u00dcber mich"},"content":{"rendered":"\n<p>Seit 1995 bin ich f\u00fcr nationale und internationale Unternehmen als Kommunikations-Trainer und Berater t\u00e4tig.<\/p>\n\n\n\n<p>Dar\u00fcberhinaus f\u00fchre ich als eingetragener Mediator Mediationen durch (nach dem Zivilrechtsmediationsgesetz).<\/p>\n\n\n\n<p class=\"has-text-align-left\">Ich bin Mitglied beim \u00d6BM (\u00d6sterr. Bundesverband f\u00fcr Mediation) und beim Verein Mediation Austria.<\/p>\n\n\n\n<p>Gerne stelle ich Ihnen unverbindlich in einem pers\u00f6nlichen Gespr\u00e4ch meine Leistungen in Abstimmung auf die Bed\u00fcrfnisse Ihres Unternehmens und Ihrer Ziele n\u00e4her vor.<\/p>\n\n\n\n<p>Ich freue mich auf Ihre Kontaktaufnahme unter<\/p>\n\n\n\n<p>michael@boehler-training.at<\/p>\n\n\n\n<p>Tel. +43 664 35 72 140<\/p>\n","protected":false},"excerpt":{"rendered":"<p>Seit 1995 bin ich f\u00fcr nationale und internationale Unternehmen als Kommunikations-Trainer und Berater t\u00e4tig. Dar\u00fcberhinaus f\u00fchre ich als eingetragener Mediator Mediationen durch (nach dem Zivilrechtsmediationsgesetz). Ich bin Mitglied beim \u00d6BM (\u00d6sterr. Bundesverband f\u00fcr Mediation) und beim Verein Mediation Austria. Gerne stelle ich Ihnen unverbindlich in einem pers\u00f6nlichen Gespr\u00e4ch meine Leistungen in Abstimmung auf die Bed\u00fcrfnisse &hellip; <\/p>\n<p class=\"link-more\"><a href=\"https:\/\/boehler-training.at\/index.php\/uber-mich-2\/\" class=\"more-link\">Continue reading<span class=\"screen-reader-text\"> &#8222;\u00dcber mich&#8220;<\/span><\/a><\/p>\n","protected":false},"author":1,"featured_media":0,"parent":0,"menu_order":0,"comment_status":"closed","ping_status":"closed","template":"","meta":{"footnotes":""},"_links":{"self":[{"href":"https:\/\/boehler-training.at\/index.php\/wp-json\/wp\/v2\/pages\/65"}],"collection":[{"href":"https:\/\/boehler-training.at\/index.php\/wp-json\/wp\/v2\/pages"}],"about":[{"href":"https:\/\/boehler-training.at\/index.php\/wp-json\/wp\/v2\/types\/page"}],"author":[{"embeddable":true,"href":"https:\/\/boehler-training.at\/index.php\/wp-json\/wp\/v2\/users\/1"}],"replies":[{"embeddable":true,"href":"https:\/\/boehler-training.at\/index.php\/wp-json\/wp\/v2\/comments?post=65"}],"version-history":[{"count":9,"href":"https:\/\/boehler-training.at\/index.php\/wp-json\/wp\/v2\/pages\/65\/revisions"}],"predecessor-version":[{"id":188,"href":"https:\/\/boehler-training.at\/index.php\/wp-json\/wp\/v2\/pages\/65\/revisions\/188"}],"wp:attachment":[{"href":"https:\/\/boehler-training.at\/index.php\/wp-json\/wp\/v2\/media?parent=65"}],"curies":[{"name":"wp","href":"https:\/\/api.w.org\/{rel}","templated":true}]}}